 - 3*b, 4*b = -2*z + 598. List the prime factors of z.
13, 23
Suppose -14 = -0*g - g. Let x = g - 0. What are the prime factors of x?
2, 7
Let t = -1 + 5. Suppose 2*x - t = x. Suppose 2*j - x = 4. What are the prime factors of j?
2
Let z = -4 - -6. List the prime factors of 28 - (0/z + 3).
5
Suppose -5*i = -2*i - 21. Let p = 15 - i. What are the prime factors of p?
2
Suppose 0 = 9*g - 86 - 481. What are the prime factors of g?
3, 7
Let i(v) = -v**2 - 9*v - 10. Let c be i(-8). Let d be (-74)/(-4) + 1/c. Let p = 29 - d. What are the prime factors of p?
11
Let j be (-4)/(-6) + 14/6. Suppose a = -2*a + 156. Suppose 7*s - j*s + 3*p = a, 5*s - 92 = 3*p. List the prime factors of s.
2
Suppose -3*t + 0*t = 18. Let q = t - -3. What are the prime factors of ((-8)/q)/((-3)/(-9))?
2
Suppose 0 = d - 3*c + 37, -d = 3*d + 5*c + 114. Let g = d - -17. Let y = -7 - g. What are the prime factors of y?
7
What are the prime factors of -2 - 0 - (-39 + -6)?
43
Let n = -11 - -53. Let c = n - 29. List the prime factors of c.
13
Suppose 9*j = 4*j + 450. Let z be j/8*(1 - -3). Suppose -2*l - z = -4*w - 7*l, 5*l = w - 30. What are the prime factors of w?
3, 5
Suppose 0 = g - c + 3, -5*g = c - 3*c. Suppose 0 = -g*w - x + 15, -6 = -4*w + x + 15. What are the prime factors of w?
2, 3
Let b(n) = n**3 - 2*n**2 + 3*n - 3. Let t be b(2). Suppose -t*h + 11 = -49. List the prime factors of h.
2, 5
Let y = 106 + 71. List the prime factors of y.
3, 59
Let z = 9 - 7. Let u(s) = 3*s**2 + 3*s - 3. What are the prime factors of u(z)?
3, 5
Let q(d) = -11*d**2 + 6*d + 5. Let b(k) = 10*k**2 - 7*k - 6. Let a(g) = -5*b(g) - 6*q(g). Let l = 0 + -1. What are the prime factors of a(l)?
17
Let q(i) = -12*i - 2. Let t(d) = -d + 1. Let m(w) = q(w) + t(w). What are the prime factors of m(-1)?
2, 3
What are the prime factors of ((-323)/34)/(1/(-26))?
13, 19
Let q(k) = -k**3 + k**2 + 3*k + 3. Let w be q(-2). Suppose -l + 2*g + 10 = -0, 0 = 3*g + w. List the prime factors of l.
2
Suppose 0*x = -4*x. Suppose r + 4 = 3*c, -5*r + 22 = -c - x*c. List the prime factors of (36/(-15))/(-3)*r.
2
Let j = -146 + 330. List the prime factors of j.
2, 23
Let x(a) = a**2 + 11*a + 13. Let c be x(-10). Suppose -2 = -2*d, c*i - i + 4*d - 66 = 0. What are the prime factors of i?
31
Let z(a) = 2*a**2 + 4*a - 5. What are the prime factors of z(-5)?
5
Suppose -2*a - k + 1 = -3, -2*a + 5*k = -4. Suppose -5*z = -5*u + 170, a*u + 4*z = -11 + 103. List the prime factors of u.
2, 19
Let y(x) = 5*x**3 - 1. Let j be y(1). Let p(a) = -9*a + a**2 + 17*a - 9*a. What are the prime factors of p(j)?
2, 3
Suppose 5*r = 15, -r = 2*a - 3*r - 4. Suppose -a*o - 15 = 0, -6*g + 3*g + 63 = -o. What are the prime factors of g?
2, 5
Suppose -f = 2 - 1, -4*f - 26 = -z. Suppose -z = -3*a + 2*a. What are the prime factors of a?
2, 11
Suppose 0*w = -3*w + 30. Suppose 3*x = -v + w, 3*v - 4*x + 11 = 4*v. What are the prime factors of v?
7
Suppose 4*w - 835 - 45 = -2*l, 0 = -l. What are the prime factors of w?
2, 5, 11
Let k be (-13 + 8/(-4))/(-1). Suppose 0 = -2*z + 2*m, 5*m = z + z + k. List the prime factors of z.
5
Let a(y) = -y**3 - 4*y**2 + 4*y - 7. Let q be a(-5). Let o be -1 + -5 - (q - 1). What are the prime factors of o*(57/(-9) + 1)?
2
Let y be (4/(-10))/((-2)/(-50)). Let n = y + 12. List the prime factors of n.
2
Let k be (-3)/(-2)*(-1 - 3). Let b(o) = -o - 1. List the prime factors of b(k).
5
Let z = 1 - -3. Suppose -3*g + 35 = z*w + 9, 10 = 2*w. Suppose 0 = 3*c - 3*t - 27, g*c = -4*t + 6 + 12. What are the prime factors of c?
3
Let l = 23 - 19. Suppose -l = 2*y, 0 = -u + 2*y - 4 + 17. List the prime factors of u.
3
Let d(k) = -5*k - 3. Let u(b) = 6*b + 3. Let t(z) = 3*d(z) + 2*u(z). List the prime factors of t(-5).
2, 3
Let g be 1/(-5) + (-3)/(-15). Let u = g - -1. What are the prime factors of -1 + u + (7 - 2)?
5
Suppose -2*t + 4*y = 24, -t + 23 = -3*t + 3*y. Let c = 24 + t. List the prime factors of c.
2, 7
Let x = 5 - 3. Suppose 4 = t, -x*t - 106 = -5*b - 44. What are the prime factors of b?
2, 7
Suppose -4*r = -91 - 1. List the prime factors of r.
23
Let u = 0 - -5. Suppose 5*x - g + 3 - 44 = 0, 0 = -x + u*g + 13. What are the prime factors of x?
2
Suppose -2*s = 2*m - 12, -m - 4*s + 0*s + 12 = 0. Let h(b) = -12*b - 11. Let q(t) = -4*t - 4. Let f(a) = -6*h(a) + 17*q(a). What are the prime factors of f(m)?
2, 7
Let l(p) be the second derivative of p**3/3 - 5*p**2 + 2*p. Let c be l(7). Suppose c*n - 2*u - 6 = 3*u, n = -4*u + 12. List the prime factors of n.
2
Let c(w) = -98*w. List the prime factors of c(-1).
2, 7
Let m be (-2 + 5)*(-1)/(-3). Let t(b) = -b + 2. Let f(k) = -1. Let y(z) = -3*f(z) - t(z). What are the prime factors of y(m)?
2
Suppose 0 = 5*n - 5*a - 15, 0*a = 3*a + 3. Suppose -5*j = -4*p + n*p - 6, -2*p - 2 = -3*j. Suppose p*k = -2*k + 88. What are the prime factors of k?
2, 11
Let c(o) = 4*o + 2. Let f(u) = u - 10. Let p be f(12). List the prime factors of c(p).
2, 5
Let s(y) = y**2 - 3*y - 4. Let i be s(5). Let t = -4 + i. Suppose 5 = -k + t*k. List the prime factors of k.
5
What are the prime factors of 1/(-3) + (4612/12 - 3)?
3, 127
Suppose -10*w + 20 = -5*w. Let o be 13*(-4)/(w/(-3)). Suppose -5*n + 3*b - b + o = 0, 5*b + 3 = -n. What are the prime factors of n?
7
Suppose 19 = 5*i + 2*u, -4*u + 3 = -5*i + 10. Suppose -2*j - i*h + 7 = -16, 0 = -2*j - 2*h + 20. List the prime factors of j.
7
Let a(i) = 0 - 2 - 3*i + 5*i + 1. Let f(d) = -3*d + 2. Let j(y) = -7*a(y) - 3*f(y). List the prime factors of j(-1).
2, 3
Let l = -23 - -26. Suppose 119 = l*z + 23. List the prime factors of z.
2
Suppose 3 = 3*w - 42. Suppose -m + 5*l - 9 + 36 = 0, 5*l = -w. Let g = -8 + m. List the prime factors of g.
2
Suppose 10 = 4*t + t. Suppose -t*h = 3 - 11. What are the prime factors of h?
2
Let j(p) = -p**3 - 12*p**2 - 15*p + 21. List the prime factors of j(-12).
3, 67
Let z(w) = 3*w + 9. Let m be z(12). Let n = m + -25. List the prime factors of n.
2, 5
Suppose 0 = 5*w + 5*r - 10, -5*w - 2*r - r + 2 = 0. Let t(d) = -9*d + 5. Let o(m) = -9*m + 4. Let b(x) = 6*o(x) - 5*t(x). List the prime factors of b(w).
17
Let l(i) = -i**3 + 7*i**2 - 2*i - 10. Let j be l(7). List the prime factors of -63*(-4)/j*-2.
3, 7
Suppose 0 = -5*y + 3*z + 21 + 44, 0 = -y - 2*z + 13. What are the prime factors of y?
13
Let x be -104 + 0 + -1 + 1. Let a = -66 - x. Let m = -27 + a. What are the prime factors of m?
11
Let j = -169 + 257. Suppose -x - x = -j. Suppose 0 = 2*u + 2*u - x. List the prime factors of u.
11
Let s = 0 + 4. Let p be (-4)/12 - s/6. List the prime factors of 1*(-7)/p*3.
3, 7
Let i(r) = 67*r**2 + 3*r + 3. What are the prime factors of i(-1)?
67
Let m be (-56)/24 + 2/6. List the prime factors of (-1)/m*(61 - 5).
2, 7
Let q(t) = -10*t + 63. List the prime factors of q(-11).
173
List the prime factors of 1 - 7/(42/(-150)).
2, 13
Let y = 9 + -18. Let f be (-2)/4 - y/2. What are the prime factors of 3/2 + 2/f?
2
Suppose -2*f + 376 = -4*v, f + 2*f - 2*v - 576 = 0. What are the prime factors of f?
2, 97
Let b(k) = 47*k + 5. List the prime factors of b(4).
193
Let q be 3/9 - (-11)/3. Let h = 7 - q. Let o = 9 - h. What are the prime factors of o?
2, 3
Suppose -6 = 5*h + v + v, -3*h = 3*v. Let z be (1/h)/(2/16). What are the prime factors of ((-51)/12 + 1)*z?
13
Suppose -357 = -5*f - 32. List the prime factors of f.
5, 13
Suppose -5*q = 3 + 2. What are the prime factors of q/3 + (-124)/(-12)?
2, 5
Suppose -5 = -3*h + 34. What are the prime factors of h?
13
Let w(i) = -i**3 - 6*i**2 + 7*i + 10. What are the prime factors of w(-8)?
2, 41
Let x be (3/2)/(6/16). List the prime factors of (-51)/(-9) - x/6.
5
Let o = 12 + 8. Suppose -2*x + 3*x - f - 5 = 0, x = -4*f + o. List the prime factors of x.
2
Let z = 21 + 24. Suppose 60 = 9*y - 30. Suppose -5*f - y = -3*t - 2*t, -5*t + z = 2*f. List the prime factors of t.
7
Let o be 18/(3/12*-2). What are the prime factors of (2/(-4))/(2/o)?
3
Let b = 7 - -13. Let c be 16/9 + b/90. Suppose -3*p = 4*g - 71, c*g - 28 = -p - 3*p. List the prime factors of g.
2, 5
Let l(a) = -a + 2. Let b be l(3). Let p = b - -4. Suppose -r - p = -14. List the prime factors of r.
11
Suppose 7*p = 3*p + 120. List the prime factors of p.
2, 3, 5
Suppose 22*z = 17*z. Suppose 0 = -z*y - 5*y + 5*f + 55, 2*f - 28 = -3*y. What are the prime fa